lue of 0 - (-3 + (4 + -2 - -2))?
-1
Calculate -3 + (1 + -1 - (30 - 34)).
1
What is the value of -8 - (-5 - 1 - 0)?
-2
Evaluate (9 + -7 - 0) + 0.
2
Evaluate (-1 - -3) + 3 + -2 - 5.
-2
What is the value of 0 - (4 + (4 - 11) + -1)?
4
What is 5 - (-1 + -6 + 13)?
-1
-8 + 0 + 4 + -2 + 1
-5
What is -5 + -5 + 4 + 2 + 3?
-1
Evaluate -6 - -3 - -8 - 0.
5
Evaluate -14 + 12 + (0 - -6).
4
Evaluate -2 - -3 - (-5 - (-3 + -9)).
-6
What is -8 + 5 + -1 - (-1 - 3)?
0
What is the value of -5 + 0 - (-11 - (-5 + 0))?
1
11 + -6 + (1 - 9) + 9
6
Calculate (-1 - 3 - (-1 + -2)) + -2.
-3
What is -1 - (9 + -5) - -8?
3
-6 + 2 + (-3 - -4)
-3
Calculate 6 + (11 - (9 + 15)).
-7
Calculate (2 - -7) + -4 + -1.
4
Calculate 4 + 3 + (4 - 15).
-4
What is (31 - 12) + -10 + -4?
5
What is the value of -3 + (-2 - (-2 - 5)) + -2?
0
What is 50 + -48 + 1 + 3?
6
4 - 0 - (0 - 1)
5
Calculate 3 + -1 - (25 + -27).
4
Calculate -3 + 5 - (13 - 8).
-3
What is -9 - (2 - -10 - 21)?
0
Evaluate 5 + -11 - -3 - -2.
-1
What is (-10 + 4 - -11) + (-1 - 0)?
4
0 + 0 - (-2 + 4 - 4)
2
(7 - 1) + -1 - (-10 - -22)
-7
Evaluate -21 + 23 - (2 - 1).
1
What is -4 + (-6 - (-4 - 1) - 1)?
-6
Evaluate -3 - (-7 + 6) - (-1 + -2).
1
Evaluate -1 - (1 + -4 + 3 + 0).
-1
Calculate -8 - -3 - (1 + (5 - 8)).
-3
Calculate 4 + 0 + 1 + (1 - 1).
5
Evaluate -1 + (-14 + 6 - -11).
2
Calculate -2 + (-6 - (8 + -6 + -8)).
-2
What is -6 - (0 - 5 - 3)?
2
What is the value of 3 - (2 + (-6 + 2 - -2))?
3
Evaluate 4 - (2 + -4) - (8 + -4).
2
Evaluate -5 - (-9 + 9) - (-3 - -1).
-3
What is 4 + -7 + -2 - 4?
-9
What is 6 + -2 + -3 + 19 + -17?
3
Evaluate 3 + -5 + (-1 - 0) + -2.
-5
What is the value of 6 + -8 + -6 + 4?
-4
4 + -1 + 16 + -15
4
Calculate 3 - 1 - 7 - (12 - 19).
2
What is the value of 1 + 1 + (71 - 65)?
8
Evaluate -6 + (6 + 19 + -8 - 2).
9
Calculate (1 - -8) + -2 + (10 - 15).
2
4 - (-4 + 5 + 1)
2
Calculate 8 + (-3 - (3 + 1)).
1
Evaluate -7 - (-8 + 0 + 5).
-4
2 + 2 + 2 + (3 - 9)
0
What is the value of 13 - (3 + 4 + -6 - -7)?
5
Calculate 1 + (1 - (4 + 0)).
-2
Evaluate -9 + 9 - (4 + -1 - -3).
-6
Evaluate (0 - 10 - -6) + 4 + -2.
-2
Evaluate -5 + (1 + -3 - -6) + -1.
-2
(-10 - -3) + -3 + 7
-3
Calculate (-4 - -4) + 3 - 8 - -6.
1
Evaluate -8 + 9 + (2 - 11).
-8
Calculate 2 + -1 - (-12 + 15).
-2
What is the value of -1 + (17 - 12) + -14?
-10
Evaluate -1 + 3 - 2 - 2.
-2
What is the value of (-2 - -6) + -11 - (-1 + -2)?
-4
Evaluate 1 + -12 + 0 + -1 + 5.
-7
What is the value of -2 - (6 + 4) - -7?
-5
Calculate (0 + -6 - -12) + -4.
2
2 + (-4 - -3) + (27 - 28)
0
What is -1 - 5 - -2 - -7?
3
What is the value of 1 - (-5 - -6 - (5 + -1))?
4
What is the value of 0 - (7 + (4 - (9 - 1)))?
-3
Calculate -4 + 8 + -8 - (1 + 1).
-6
Calculate 1 + (8 + -5 - -2) + -5.
1
Calculate 16 + -15 + (0 - -1) + -6.
-4
(2 - (1 - -3 - 0)) + 3
1
3 + -11 + 9 - -2
3
Evaluate (-4 - (8 - 12)) + (-4 - -5).
1
-4 + 8 + -1 - 0 - -3
6
Evaluate 0 + -2 - (-5 - 1) - 4.
0
What is the value of -6 + (3 - -2) + 0?
-1
What is the value of 148 + -138 - (1 - -2)?
7
Calculate 2 + (-1 - (13 - 7)).
-5
Calculate 1 + (-3 - -3 - 3).
-2
What is the value of 11 + (-59 - -56 - (2 - 0))?
6
What is the value of 2 - (17 - 7) - -6?
-2
-4 - (-10 + -1 + (4 - 1))
4
(2 - -2) + -5 - -6
5
What is (4 - 2) + -1 + -1 + -2?
-2
(-17 - -8) + 2 + -2 + -1
-10
-1 - -4 - (-4 + 2)
5
What is -241 + 237 - (-2 + (0 - -2))?
-4
Calculate (26 - 22) + -1 + 1.
4
What is the value of (35 - 39) + 0 + -1?
-5
(7 - 4) + 1 + -8 + 4
0
What is 0 + 1 - (-3 - (-3 + 3))?
4
What is (-4 - 2) + 0 + 1?
-5
(9 - (-2 - -5)) + (2 - 9)
-1
What is (12 - 15) + 2 + -1?
-2
What is -1 + 4 + -14 + 17?
6
What is (0 - 0) + (-7 - -2)?
-5
Calculate (3 - (1 - -7)) + 3 + -1.
-3
Evaluate -5 - (-9 - 1) - 4.
1
What is the value of 0 - -10 - ((-9 - -14) + 0)?
5
Evaluate -1 - (1 - 0) - (3 - 3).
-2
Calculate (3 - (4 - 2)) + (-2 - -6).
5
What is 6 + -2 + -8 + 13?
9
Evaluate (17 - 6) + -5 + -7.
-1
Evaluate -9 - ((-5 - 0) + -7).
3
What is 3 - (-14 + 5 - -7)?
5
Evaluate -14 - (-10 - -2 - -1).
-7
Evaluate -5 - (-4 + (6 - 0)).
-7
Calculate -2 + -8 + -1 + (126 - 124).
-9
-7 + 0 + (2 - 0)
-5
What is 8 + -19 - (1 - 13)?
1
Evaluate -2 + -18 + 22 + 1 + -12.
-9
(1 - (-8 + 18)) + 1
-8
What is 4 + (7 - 4 - (7 + -1))?
1
What is (-5 - (3 - 11)) + -7?
-4
What is the value of -1 - (0 + -3) - (8 + -6)?
0
Calculate 2 + 5 - 5 - 1.
1
What is (13 - 3) + 0 + -9?
1
Calculate -5 + 5 + -10 + 6.
-4
Calculate 2 - 7 - (2 - 6 - -2).
-3
Evaluate (2 - 11) + 6 + -3.
-6
Evaluate 4 - (-1 + 5 - 5).
5
What is 1 + -4 + (-1 - (-19 - -11))?
4
Calculate 2 + -3 + (15 - 19).
-5
Calculate -4 + 11 + (-1 - (-1 + 4)).
3
What is the value of 0 - 4 - (5 - (5 + 4))?
0
10 + -7 + 6 - 10
-1
Calculate 1 + 1 + -5 + (2 - 0).
-1
What is the value of -19 + (4 - (13 - 18))?
-10
Evaluate 1 + (-4 - (4 + -1 - 4)).
-2
(-44 - -48) + (5 - 0)
9
What is the value of 14 + (-8 - (4 - 4))?
6
What is the value of -5 - (4 - 13) - 1?
3
What is (6 - 20) + 9 - (0 - 1)?
-4
3 - -2 - (-1 - 2) - 4
4
1 + 6 + -2 + -7
-2
Calculate 0 - 0 - (-27 + 28).
-1
What is -1 - (-2 + 4 + -13 + 11)?
-1
Evaluate 0 - 11 - -8 - (-19 - -6).
10
Calculate (-1 - (0 + 2) - -1) + 3.
1
(6 - 3) + -4 + 0
-1
Calculate -3 - -2 - -4 - (-4 + 6).
1
1 - (-4 - -3 - -4)
-2
What is -2 - (-10 - -3) - (0 + 9)?
-4
What is the value of (1 + (-6 - -1) - -2) + -4?
-6
Evaluate 0 - -2 - (-1 + 1 + 5).
-3
Calculate 3 + -3 + 0 + 2.
2
Calculate 9 + -9 + 3 - (-2 + -1).
6
Calculate -7 - (8 + 1 - 12).
-4
What is -88 - -86 - (0 - (4 + 0))?
2
Evaluate 7 + (-22 - 11) + 15.
-11
Calculate 11 + (-7 - 0) + 0 + -10.
-6
Evaluate 21 + -35 - (2 - (-2 - -10)).
-8
Evaluate -7 + 7 + (0 - (-2 + 4)).
-2
What is 0 + -7 + -10 + 13?
-4
What is the value of 0 + -5 - (-10 - -9 - -1)?
-5
Calculate 3 + 1 - (-32 - -32).
4
Evaluate (0 - -1) + -29 + 26.
-2
What is the value of 3 - (5 - (3 + 3))?
4
Evaluate (-4 - -7) + -2 + -2.
-1
(-7 + 4 - 7) + 5
-5
What is the value of -6 - -3 - (-1 + 3)?
-5
What is the value of (-1 - -2) + (-5 - (-1 - 1))?
-2
1 - 3 - (6 + -12 + 3)
1
Evaluate 16 + 0 + 16 + -25.
7
Evaluate (3 - (2 - -1 - -1)) + -1.
-2
What is 8 + 0 + -6 + 0 + 0?
2
0 - 7 - (6 + -16)
3
Calculate -1 - (-5 + -1 + 0) - 3.
2
0 + -2 + 3 + 0 + -3
-2
What is the value of -35 + 40 - (1 - (-1 - 5))?
-2
-35 + 26 + (8 - 1)
-2
Evaluate -7 + 4 + 4 + 12 + -6.
7
What is the value of -364 - -363 - (0 + -3 + -1)?
3
What is the value of -2 + 7 + (0 - (-1 + 4))?
2
Evaluate -2 + 4 + -7 - -1.
-4
Evaluate 3 + 0 + (-3 - -2).
2
26 + -23 + -13 + 1
-9
What is -2 + 1 + 6 + 0 + -3?
2
What is 4 + (5 + -2 - 5)?
2
-1 + 3 - 6 - (-2 + 1)
-3
(3 - 0 - 1) + -5
-3
Evaluate -2 + 7 - (-1 - (-5 - 1)).
0
Calculate 2 - (-6 + -1 - -6).
3
What is the value of 1 + 2 + (2 - (8 + -7))?
4
(1 - 1) + -6 + 1
-5
What is 3 + -1 - (-36 + 35)?
3
Calculate (11 - 3) + -1 + -6.
1
What is the value of 4 + (9 - 10) + 1?
4
5 + -7 + 0 + -2 - 4
-8
Calculate -9 - (-12 - 0) - (1 + 5).
-3
Evaluate 7 + 11 + -4 + -5.
9
-6 + 15 + -5 - 0
4
What is the value of 4 + -7 + -5 - -3?
-5
Evaluate -2 + 0 + (-1 - -2).
-1
Evaluate -1 + -9 - (-24 - -21).
-7
What is 2 + -3 + 1 + 1 + 2?
3
Evaluate 4 - (-1 - (-3 + 2) - -3).
1
What is the value of -11 + (6 - (-2 + -1))?
-2
3 + (-3 - -10) + -9
1
Evaluate 15 - (3 - -4) - (15 - 10).
3
What is 4 + (1 - -4 - 11)?
-2
What is 10 + -1 + (2 - 1)?
10
0 - (-6 + 3) - 0
3
4 - (8 + 5 + -9)
0
Calculate 3 + (-2 - -5) + -7.
-1
What is -4 + 2 + -2 + (1 - 1)?
-4
(-7 - -15) + -3 + -1
4
What is the value of (7 - 18) + 8 - 2?
-5
Calculate -3 + 3 + 0 + -5.
-5
1 + 4 + -1 + (88 - 93)
-1
Calculate (-3 - -5) + 32 + -28.
6
What is (-2 - (0 + -3)) + 7 + -3?
5
Evaluate 2 - 0 - (22 - 22).
2
Evaluate -1 + (11 - 19) + 8.
-1
What is 4 - (4 + (-5 - -1) - 2)?
6
-1 + 6 + (-10 - -1)
-4
Evaluate -15 + 11 - (-2 - (-2 + 7)).
3
What is 8 - ((0 - 9) + 8)?
9
Calculate 6 - (-1 - -8) - -4.
3
11 - ((24 - 7) + -3)
-3
(-16 - -7) + 3 - (-2 + 0)
-4
Evaluate 5 + -1 - (11 + -5 + -6).
4
Calculate 1 + 0 + (-2 - -4 - 4).
-1
Evaluate (-7 - 0) + (4 - 3 - -1).
-5
What is 0 - (-7 - (-2 - (1 + -1)))?
5
Calculate 0 + (-7 - (3 + -2)) + 4.
-4
Evaluate (3 - 15 - -8) + -1 + 0.
-5
Calculate 0 + 2 - 0 - (22 - 17).
-3
Calculate 1 + 3 - 4 - -4.
4
What is (-6 - -4) + 5 - 5?
-2
What is 8 - (4 - 4 - -5)?
3
What is the value of 3 + (-2 + 3 - 11)?
-7
Evaluate 1 - -9 - (-2 + (3 - -3)).
6
What is the value of 0 + (0 - -1) + -5?
-4
0 + 0 + (6